{"id":26,"date":"2020-07-02T20:24:31","date_gmt":"2020-07-02T18:24:31","guid":{"rendered":"https:\/\/www.kunstverhau.de\/?page_id=26"},"modified":"2025-03-29T21:03:10","modified_gmt":"2025-03-29T20:03:10","slug":"rica-zimmermann","status":"publish","type":"page","link":"https:\/\/www.kunstverhau.de\/?page_id=26","title":{"rendered":"Rica Zimmermann"},"content":{"rendered":"\n<div class=\"wp-block-group alignfull has-background\" style=\"background-color:#c0ed94\"><div class=\"wp-block-group__inner-container is-layout-flow wp-block-group-is-layout-flow\">\n<h4 class=\"wp-block-heading has-text-align-center\">Rica Zimmermann<\/h4>\n\n\n\n<div class=\"wp-block-media-text alignfull is-stacked-on-mobile is-vertically-aligned-top\" style=\"grid-template-columns:15% auto\"><figure class=\"wp-block-media-text__media\"><a href=\"https:\/\/www.kunstverhau.de\/wp-content\/uploads\/2023\/04\/zackenkopf-scaled.jpg\"><img fetchpriority=\"high\" decoding=\"async\" width=\"765\" height=\"1024\" src=\"https:\/\/www.kunstverhau.de\/wp-content\/uploads\/2023\/04\/zackenkopf-765x1024.jpg\" alt=\"\" class=\"wp-image-5497 size-full\" srcset=\"https:\/\/www.kunstverhau.de\/wp-content\/uploads\/2023\/04\/zackenkopf-765x1024.jpg 765w, https:\/\/www.kunstverhau.de\/wp-content\/uploads\/2023\/04\/zackenkopf-224x300.jpg 224w, https:\/\/www.kunstverhau.de\/wp-content\/uploads\/2023\/04\/zackenkopf-768x1028.jpg 768w, https:\/\/www.kunstverhau.de\/wp-content\/uploads\/2023\/04\/zackenkopf-1147x1536.jpg 1147w, https:\/\/www.kunstverhau.de\/wp-content\/uploads\/2023\/04\/zackenkopf-1529x2048.jpg 1529w, https:\/\/www.kunstverhau.de\/wp-content\/uploads\/2023\/04\/zackenkopf-1200x1607.jpg 1200w, https:\/\/www.kunstverhau.de\/wp-content\/uploads\/2023\/04\/zackenkopf-1980x2651.jpg 1980w, https:\/\/www.kunstverhau.de\/wp-content\/uploads\/2023\/04\/zackenkopf-scaled.jpg 1912w\" sizes=\"(max-width: 765px) 100vw, 765px\" \/><\/a><\/figure><div class=\"wp-block-media-text__content\">\n<p class=\"wp-block-paragraph\">Ein bisschen \u00fcber mich:<\/p>\n\n\n\n<p class=\"wp-block-paragraph\">Schon immer gemalt, gezeichnet und modelliert.<\/p>\n\n\n\n<p class=\"wp-block-paragraph\">nebenbei  :Bauzeichnerausbildung (1987-89) &#8211; Bauingenieursstudium (dadurch Dipl. Ing. (FH)&nbsp;(1989-1995)- Studium der Europ\u00e4ischen Ethnologie\/ Deutschen und vergleichenden Volkskunde, Arbeits-und Organisationspsychologie, Interkulturellen Kommunikation (dadurch M.A. Europ\u00e4ische Ethnologie\/ Volkskunde)(1995-2002), Ausbildung zur Kunsttherapeutin (APAKT)(2004-2008), Studium Soziale Arbeit (2014-2017)<\/p>\n\n\n\n<div class=\"wp-block-media-text alignwide is-stacked-on-mobile\" style=\"grid-template-columns:18% auto\"><figure class=\"wp-block-media-text__media\"><a href=\"https:\/\/www.kunstverhau.de\/wp-content\/uploads\/2024\/03\/DSCN9487-1-scaled.jpg\"><img decoding=\"async\" width=\"768\" height=\"1024\" src=\"https:\/\/www.kunstverhau.de\/wp-content\/uploads\/2024\/03\/DSCN9487-1-768x1024.jpg\" alt=\"\" class=\"wp-image-5627 size-full\" srcset=\"https:\/\/www.kunstverhau.de\/wp-content\/uploads\/2024\/03\/DSCN9487-1-768x1024.jpg 768w, https:\/\/www.kunstverhau.de\/wp-content\/uploads\/2024\/03\/DSCN9487-1-225x300.jpg 225w, https:\/\/www.kunstverhau.de\/wp-content\/uploads\/2024\/03\/DSCN9487-1-1152x1536.jpg 1152w, https:\/\/www.kunstverhau.de\/wp-content\/uploads\/2024\/03\/DSCN9487-1-1536x2048.jpg 1536w, https:\/\/www.kunstverhau.de\/wp-content\/uploads\/2024\/03\/DSCN9487-1-1200x1600.jpg 1200w, https:\/\/www.kunstverhau.de\/wp-content\/uploads\/2024\/03\/DSCN9487-1-1980x2640.jpg 1980w, https:\/\/www.kunstverhau.de\/wp-content\/uploads\/2024\/03\/DSCN9487-1-scaled.jpg 1920w\" sizes=\"(max-width: 768px) 100vw, 768px\" \/><\/a><\/figure><div class=\"wp-block-media-text__content\">\n<p class=\"wp-block-paragraph\">Seit 2008 T\u00e4tigkeit als P\u00e4dagogisch-Therapeutischer Fachdienst mit Kunsttherapeutischem Schwerpunkt<\/p>\n\n\n\n<p class=\"wp-block-paragraph\"><\/p>\n<\/div><\/div>\n\n\n\n<div class=\"wp-block-cover alignwide\" style=\"min-height:354px;aspect-ratio:unset;\"><img decoding=\"async\" width=\"1024\" height=\"768\" sizes=\"(max-width: 799px) 200vw, (max-width: 1280px) 100vw, 1280px\" class=\"wp-block-cover__image-background wp-image-6490\" alt=\"\" src=\"https:\/\/www.kunstverhau.de\/wp-content\/uploads\/2025\/03\/IMG_20240512_135140_433-1-1024x768.jpg\" data-object-fit=\"cover\" srcset=\"https:\/\/www.kunstverhau.de\/wp-content\/uploads\/2025\/03\/IMG_20240512_135140_433-1-1024x768.jpg 1024w, https:\/\/www.kunstverhau.de\/wp-content\/uploads\/2025\/03\/IMG_20240512_135140_433-1-300x225.jpg 300w, https:\/\/www.kunstverhau.de\/wp-content\/uploads\/2025\/03\/IMG_20240512_135140_433-1-768x576.jpg 768w, https:\/\/www.kunstverhau.de\/wp-content\/uploads\/2025\/03\/IMG_20240512_135140_433-1-1200x900.jpg 1200w, https:\/\/www.kunstverhau.de\/wp-content\/uploads\/2025\/03\/IMG_20240512_135140_433-1.jpg 1280w\" \/><span aria-hidden=\"true\" class=\"wp-block-cover__background has-background-dim\"><\/span><div class=\"wp-block-cover__inner-container is-layout-flow wp-block-cover-is-layout-flow\">\n<p class=\"has-text-align-center has-large-font-size wp-block-paragraph\"><\/p>\n<\/div><\/div>\n\n\n\n<div class=\"wp-block-media-text has-media-on-the-right is-stacked-on-mobile\" style=\"grid-template-columns:auto 28%\"><div class=\"wp-block-media-text__content\">\n<p class=\"wp-block-paragraph\">2017-2020: 2-j\u00e4hrige Bildhauerausbildung im Bildhaueratelier Demenat<\/p>\n\n\n\n<p class=\"wp-block-paragraph\">2019 Gr\u00fcndungsmitglied der Bildhauer-Gruppe &#8222;Kunstverhau&#8220;<\/p>\n\n\n\n<p class=\"wp-block-paragraph\">Die Idee und schlie\u00dflich auch die ganze Webside entstand w\u00e4hrend Corona bei unseren w\u00f6chentlichen online stattfindenden Treffen.<\/p>\n<\/div><figure class=\"wp-block-media-text__media\"><img loading=\"lazy\" decoding=\"async\" width=\"683\" height=\"1024\" src=\"https:\/\/www.kunstverhau.de\/wp-content\/uploads\/2025\/03\/Bueste-2-683x1024.jpg\" alt=\"\" class=\"wp-image-6461 size-full\" srcset=\"https:\/\/www.kunstverhau.de\/wp-content\/uploads\/2025\/03\/Bueste-2-683x1024.jpg 683w, https:\/\/www.kunstverhau.de\/wp-content\/uploads\/2025\/03\/Bueste-2-200x300.jpg 200w, https:\/\/www.kunstverhau.de\/wp-content\/uploads\/2025\/03\/Bueste-2-768x1152.jpg 768w, https:\/\/www.kunstverhau.de\/wp-content\/uploads\/2025\/03\/Bueste-2-1024x1536.jpg 1024w, https:\/\/www.kunstverhau.de\/wp-content\/uploads\/2025\/03\/Bueste-2-1365x2048.jpg 1365w, https:\/\/www.kunstverhau.de\/wp-content\/uploads\/2025\/03\/Bueste-2-1200x1800.jpg 1200w, https:\/\/www.kunstverhau.de\/wp-content\/uploads\/2025\/03\/Bueste-2-1980x2970.jpg 1980w, https:\/\/www.kunstverhau.de\/wp-content\/uploads\/2025\/03\/Bueste-2-scaled.jpg 1707w\" sizes=\"(max-width: 683px) 100vw, 683px\" \/><\/figure><\/div>\n<\/div><\/div>\n\n\n\n<p class=\"wp-block-paragraph\">Kontakt: <a href=\"mailto:himmelbuntundkunterblau@web.de\" title=\"\">himmelbuntundkunterblau@web.de<\/a><\/p>\n\n\n\n<p class=\"wp-block-paragraph\">Instagramm: himmelbuntundkunterblau<\/p>\n<\/div><\/div>\n\n\n\n<p class=\"wp-block-paragraph\"><\/p>\n","protected":false},"excerpt":{"rendered":"<p>Rica Zimmermann Ein bisschen \u00fcber mich: Schon immer gemalt, gezeichnet und modelliert. nebenbei :Bauzeichnerausbildung (1987-89) &#8211; Bauingenieursstudium (dadurch Dipl. Ing. (FH)&nbsp;(1989-1995)- Studium der Europ\u00e4ischen Ethnologie\/ Deutschen und vergleichenden Volkskunde, Arbeits-und Organisationspsychologie, Interkulturellen Kommunikation (dadurch M.A. Europ\u00e4ische Ethnologie\/ Volkskunde)(1995-2002), Ausbildung zur Kunsttherapeutin (APAKT)(2004-2008), Studium Soziale Arbeit (2014-2017) Seit 2008 T\u00e4tigkeit als P\u00e4dagogisch-Therapeutischer Fachdienst mit Kunsttherapeutischem Schwerpunkt&hellip;<\/p>\n","protected":false},"author":5,"featured_media":0,"parent":0,"menu_order":0,"comment_status":"closed","ping_status":"closed","template":"tw-no-title.php","meta":{"_crdt_document":"","footnotes":""},"class_list":["post-26","page","type-page","status-publish","hentry"],"aioseo_notices":[],"featured_image_src":null,"featured_image_src_square":null,"_links":{"self":[{"href":"https:\/\/www.kunstverhau.de\/index.php?rest_route=\/wp\/v2\/pages\/26","targetHints":{"allow":["GET"]}}],"collection":[{"href":"https:\/\/www.kunstverhau.de\/index.php?rest_route=\/wp\/v2\/pages"}],"about":[{"href":"https:\/\/www.kunstverhau.de\/index.php?rest_route=\/wp\/v2\/types\/page"}],"author":[{"embeddable":true,"href":"https:\/\/www.kunstverhau.de\/index.php?rest_route=\/wp\/v2\/users\/5"}],"replies":[{"embeddable":true,"href":"https:\/\/www.kunstverhau.de\/index.php?rest_route=%2Fwp%2Fv2%2Fcomments&post=26"}],"version-history":[{"count":58,"href":"https:\/\/www.kunstverhau.de\/index.php?rest_route=\/wp\/v2\/pages\/26\/revisions"}],"predecessor-version":[{"id":6494,"href":"https:\/\/www.kunstverhau.de\/index.php?rest_route=\/wp\/v2\/pages\/26\/revisions\/6494"}],"wp:attachment":[{"href":"https:\/\/www.kunstverhau.de\/index.php?rest_route=%2Fwp%2Fv2%2Fmedia&parent=26"}],"curies":[{"name":"wp","href":"https:\/\/api.w.org\/{rel}","templated":true}]}}

<div class="wp-block-group alignfull has-background" style="background-color:#c0ed94"><div class="wp-block-group__inner-container is-layout-flow wp-block-group-is-layout-flow">
<h4 class="wp-block-heading has-text-align-center">Rica Zimmermann</h4>



<div class="wp-block-media-text alignfull is-stacked-on-mobile is-vertically-aligned-top" style="grid-template-columns:15% auto"><figure class="wp-block-media-text__media"><a href="https://www.kunstverhau.de/wp-content/uploads/2023/04/zackenkopf-scaled.jpg"><img fetchpriority="high" decoding="async" width="765" height="1024" src="https://www.kunstverhau.de/wp-content/uploads/2023/04/zackenkopf-765x1024.jpg" alt="" class="wp-image-5497 size-full" srcset="https://www.kunstverhau.de/wp-content/uploads/2023/04/zackenkopf-765x1024.jpg 765w, https://www.kunstverhau.de/wp-content/uploads/2023/04/zackenkopf-224x300.jpg 224w, https://www.kunstverhau.de/wp-content/uploads/2023/04/zackenkopf-768x1028.jpg 768w, https://www.kunstverhau.de/wp-content/uploads/2023/04/zackenkopf-1147x1536.jpg 1147w, https://www.kunstverhau.de/wp-content/uploads/2023/04/zackenkopf-1529x2048.jpg 1529w, https://www.kunstverhau.de/wp-content/uploads/2023/04/zackenkopf-1200x1607.jpg 1200w, https://www.kunstverhau.de/wp-content/uploads/2023/04/zackenkopf-1980x2651.jpg 1980w, https://www.kunstverhau.de/wp-content/uploads/2023/04/zackenkopf-scaled.jpg 1912w" sizes="(max-width: 765px) 100vw, 765px" /></a></figure><div class="wp-block-media-text__content">
<p class="wp-block-paragraph">Ein bisschen über mich:</p>



<p class="wp-block-paragraph">Schon immer gemalt, gezeichnet und modelliert.</p>



<p class="wp-block-paragraph">nebenbei  :Bauzeichnerausbildung (1987-89) &#8211; Bauingenieursstudium (dadurch Dipl. Ing. (FH)&nbsp;(1989-1995)- Studium der Europäischen Ethnologie/ Deutschen und vergleichenden Volkskunde, Arbeits-und Organisationspsychologie, Interkulturellen Kommunikation (dadurch M.A. Europäische Ethnologie/ Volkskunde)(1995-2002), Ausbildung zur Kunsttherapeutin (APAKT)(2004-2008), Studium Soziale Arbeit (2014-2017)</p>



<div class="wp-block-media-text alignwide is-stacked-on-mobile" style="grid-template-columns:18% auto"><figure class="wp-block-media-text__media"><a href="https://www.kunstverhau.de/wp-content/uploads/2024/03/DSCN9487-1-scaled.jpg"><img decoding="async" width="768" height="1024" src="https://www.kunstverhau.de/wp-content/uploads/2024/03/DSCN9487-1-768x1024.jpg" alt="" class="wp-image-5627 size-full" srcset="https://www.kunstverhau.de/wp-content/uploads/2024/03/DSCN9487-1-768x1024.jpg 768w, https://www.kunstverhau.de/wp-content/uploads/2024/03/DSCN9487-1-225x300.jpg 225w, https://www.kunstverhau.de/wp-content/uploads/2024/03/DSCN9487-1-1152x1536.jpg 1152w, https://www.kunstverhau.de/wp-content/uploads/2024/03/DSCN9487-1-1536x2048.jpg 1536w, https://www.kunstverhau.de/wp-content/uploads/2024/03/DSCN9487-1-1200x1600.jpg 1200w, https://www.kunstverhau.de/wp-content/uploads/2024/03/DSCN9487-1-1980x2640.jpg 1980w, https://www.kunstverhau.de/wp-content/uploads/2024/03/DSCN9487-1-scaled.jpg 1920w" sizes="(max-width: 768px) 100vw, 768px" /></a></figure><div class="wp-block-media-text__content">
<p class="wp-block-paragraph">Seit 2008 Tätigkeit als Pädagogisch-Therapeutischer Fachdienst mit Kunsttherapeutischem Schwerpunkt</p>



<p class="wp-block-paragraph"></p>
</div></div>



<div class="wp-block-cover alignwide" style="min-height:354px;aspect-ratio:unset;"><img decoding="async" width="1024" height="768" sizes="(max-width: 799px) 200vw, (max-width: 1280px) 100vw, 1280px" class="wp-block-cover__image-background wp-image-6490" alt="" src="https://www.kunstverhau.de/wp-content/uploads/2025/03/IMG_20240512_135140_433-1-1024x768.jpg" data-object-fit="cover" srcset="https://www.kunstverhau.de/wp-content/uploads/2025/03/IMG_20240512_135140_433-1-1024x768.jpg 1024w, https://www.kunstverhau.de/wp-content/uploads/2025/03/IMG_20240512_135140_433-1-300x225.jpg 300w, https://www.kunstverhau.de/wp-content/uploads/2025/03/IMG_20240512_135140_433-1-768x576.jpg 768w, https://www.kunstverhau.de/wp-content/uploads/2025/03/IMG_20240512_135140_433-1-1200x900.jpg 1200w, https://www.kunstverhau.de/wp-content/uploads/2025/03/IMG_20240512_135140_433-1.jpg 1280w" /><span aria-hidden="true" class="wp-block-cover__background has-background-dim"></span><div class="wp-block-cover__inner-container is-layout-flow wp-block-cover-is-layout-flow">
<p class="has-text-align-center has-large-font-size wp-block-paragraph"></p>
</div></div>



<div class="wp-block-media-text has-media-on-the-right is-stacked-on-mobile" style="grid-template-columns:auto 28%"><div class="wp-block-media-text__content">
<p class="wp-block-paragraph">2017-2020: 2-jährige Bildhauerausbildung im Bildhaueratelier Demenat</p>



<p class="wp-block-paragraph">2019 Gründungsmitglied der Bildhauer-Gruppe &#8222;Kunstverhau&#8220;</p>



<p class="wp-block-paragraph">Die Idee und schließlich auch die ganze Webside entstand während Corona bei unseren wöchentlichen online stattfindenden Treffen.</p>
</div><figure class="wp-block-media-text__media"><img loading="lazy" decoding="async" width="683" height="1024" src="https://www.kunstverhau.de/wp-content/uploads/2025/03/Bueste-2-683x1024.jpg" alt="" class="wp-image-6461 size-full" srcset="https://www.kunstverhau.de/wp-content/uploads/2025/03/Bueste-2-683x1024.jpg 683w, https://www.kunstverhau.de/wp-content/uploads/2025/03/Bueste-2-200x300.jpg 200w, https://www.kunstverhau.de/wp-content/uploads/2025/03/Bueste-2-768x1152.jpg 768w, https://www.kunstverhau.de/wp-content/uploads/2025/03/Bueste-2-1024x1536.jpg 1024w, https://www.kunstverhau.de/wp-content/uploads/2025/03/Bueste-2-1365x2048.jpg 1365w, https://www.kunstverhau.de/wp-content/uploads/2025/03/Bueste-2-1200x1800.jpg 1200w, https://www.kunstverhau.de/wp-content/uploads/2025/03/Bueste-2-1980x2970.jpg 1980w, https://www.kunstverhau.de/wp-content/uploads/2025/03/Bueste-2-scaled.jpg 1707w" sizes="(max-width: 683px) 100vw, 683px" /></figure></div>
</div></div>



<p class="wp-block-paragraph">Kontakt: <a href="mailto:himmelbuntundkunterblau@web.de" title="">himmelbuntundkunterblau@web.de</a></p>



<p class="wp-block-paragraph">Instagramm: himmelbuntundkunterblau</p>
</div></div>



<p class="wp-block-paragraph"></p>

<p>Rica Zimmermann Ein bisschen über mich: Schon immer gemalt, gezeichnet und modelliert. nebenbei :Bauzeichnerausbildung (1987-89) &#8211; Bauingenieursstudium (dadurch Dipl. Ing. (FH)&nbsp;(1989-1995)- Studium der Europäischen Ethnologie/ Deutschen und vergleichenden Volkskunde, Arbeits-und Organisationspsychologie, Interkulturellen Kommunikation (dadurch M.A. Europäische Ethnologie/ Volkskunde)(1995-2002), Ausbildung zur Kunsttherapeutin (APAKT)(2004-2008), Studium Soziale Arbeit (2014-2017) Seit 2008 Tätigkeit als Pädagogisch-Therapeutischer Fachdienst mit Kunsttherapeutischem Schwerpunkt&hellip;</p>
