{"id":8,"date":"2020-07-02T19:38:11","date_gmt":"2020-07-02T19:38:11","guid":{"rendered":"https:\/\/www.kunstverhau.de\/?page_id=8"},"modified":"2025-11-13T20:16:23","modified_gmt":"2025-11-13T19:16:23","slug":"roland-moroff","status":"publish","type":"page","link":"https:\/\/www.kunstverhau.de\/?page_id=8","title":{"rendered":"Roland Moroff"},"content":{"rendered":"\r\n<div class=\"wp-block-group\"><div class=\"wp-block-group__inner-container is-layout-constrained wp-block-group-is-layout-constrained\">\r\n<div class=\"wp-block-columns is-layout-flex wp-container-core-columns-is-layout-7387b849 wp-block-columns-is-layout-flex\">\r\n<div class=\"wp-block-column is-layout-flow wp-block-column-is-layout-flow\" style=\"--col-width:100%;flex-basis: 100%;\">\r\n<table style=\"width: 100%; border-collapse: collapse; border-style: hidden;\">\r\n<tbody>\r\n<tr>\r\n<td style=\"width: 100%;\">\r\n<h4>Roland Moroff<\/h4>\r\n<table style=\"height: 404px; width: 100%; border-collapse: collapse; border-style: hidden;\">\r\n<tbody>\r\n<tr style=\"height: 231px;\">\r\n<td style=\"width: 100%; height: 231px;\">\r\n<p>Ich bin 1952 geboren und lebe in M\u00fcnchen. Bis 2016 arbeitete ich als Hauptschullehrer. Ich interessiere mich schon lange f\u00fcr Kunst, ich besuchte viele Ausstellungen und Museen. Von 1991 bis 2000 lernte ich Zeichnen und Aquarellmalen in den Malkursen von Prof. Heribert Losert.<\/p>\r\n<p>Seit meiner Pensionierung 2016 nehme ich an Bildhauerkursen teil und arbeite regelm\u00e4\u00dfig an der Umsetzung eigener bildhauerischer Ideen in Holz, Stein, Ton und Metall.<\/p>\r\n<p>Unter den zahlreichen Kunst-Kursen waren die K\u00f6pfe-Kurse von Nora Matocza f\u00fcr mich ein besonderes Highlight.<\/p>\r\n<p>Von 2017 bis 2019 Teilnahme an der zweij\u00e4hrigen Bildhauerausbildung bei Christiane Demenat.<\/p>\r\n<p>2017 bis 2022 Mitglied im Gemeinschaftsatelier in der Kidlerstra\u00dfe in M\u00fcnchen-Sendling unter der Leitung von Christiane Demenat (\u201eKidlerartists\u201c)<\/p>\r\n<p>2020: Gr\u00fcndungsmitglied der K\u00fcnstler*innenvereinigung \u201eKunstverhau\u201c<\/p>\r\n<p>2022\/23 waren f\u00fcr mich drei Kurse besonders anregend: zwei Bronzeworkshops in der Kunstgie\u00dferei Kirchner &amp; Schnappinger in Ascholding und ein Metallbearbeitungskurs in der Metallwerkstatt der M\u00fcnchner VHS in der Froschammerstra\u00dfe bei Reinhard Mesletzky.<\/p>\r\n<p>2023, 2024, 2025 Bildhauerkurse bei Max Wagner in der Akademie der Bildenden K\u00fcnste in Kolbermoor<\/p>\r\n<p>Seit 2023 Eigenes Atelier in der Apianstra\u00dfe 1, M\u00fcnchen-Schwabing<\/p>\r\n<p>2024 Gemeinschaftsausstellung mit der Malerin Andrea Fabian im Atelier in der Apianstra\u00dfe 1, M\u00fcnchen-Schwabing<\/p>\r\n<p>2024 Gemeinschaftsausstellung mit der K\u00fcnstlervereinigung &#8222;Kunstverhau&#8220; im Sardenhaus im M\u00fcnchner Westpark<\/p>\r\n<p>2025 Gemeinschaftsausstellung mit der Malerin Andrea Fabian im Atelier in der Apianstra\u00dfe 1, M\u00fcnchen-Schwabing<\/p>\r\n<p>2025 Gemeinschaftsausstellung mit der K\u00fcnstlervereinigung &#8222;Kunstverhau&#8220; in der Orangerie im Englischen Garten, M\u00fcnchen<\/p>\r\n<p>&nbsp;<\/p>\r\n<\/td>\r\n<\/tr>\r\n<tr style=\"height: 173px;\">\r\n<td style=\"width: 100%; height: 173px;\">\r\n<p><strong>K\u00fcnstlerisches Selbstverst\u00e4ndnis \/ Arbeitsansatz<\/strong><\/p>\r\n<p>Im Zentrum meiner bildhauerischen Arbeit steht die Auseinandersetzung mit existenziellen menschlichen und seelischen Erfahrungen. Es geht mir darum, inneres Erleben in eine plastische Form zu \u00fcbersetzen. Ausgehend von pers\u00f6nlichen Empfindungen suche ich nach einer Form, Geste oder Gestalt, die dieses Erleben verallgemeinert ausdr\u00fcckt und so eine emotionale Resonanz beim Betrachter erm\u00f6glicht.<\/p>\r\n<p>Ich bevorzuge die figurative Darstellung in einer abstrahierten Formensprache. Inspiration finde ich in der Formensprache fr\u00fcher Kulturen \u2013 insbesondere pr\u00e4historischer und pr\u00e4kolumbianischer Skulpturen, aber auch der Antike, der \u00e4gyptischen Kultur, der Romanik und der fr\u00fchen Kulturen des Nahen Ostens. Diese Werke faszinieren mich durch ihre Klarheit, Geschlossenheit und archaische Ausdruckskraft.<\/p>\r\n<p>In meiner Arbeit versuche ich, an die Tradition der Klassischen Moderne anzukn\u00fcpfen, bin aber auch sehr interessiert an den vielf\u00e4ltigen Ausdrucksformen zeitgen\u00f6ssischer Bildhauerei. Zu meinen pr\u00e4genden Bezugspunkten und Vorbildern z\u00e4hlen Henry Moore, dessen organische Formfindung meine Arbeit immer wieder beeinflusst, und Louise Bourgeois, deren Auseinandersetzung mit biografischen und psychischen Themen mir besonders nah ist.<\/p>\r\n<p>Ein Satz von ihr begleitet mich immer wieder:<\/p>\r\n<p><strong><em>&#8222;Every Day you have to abandon your past or accept it. If you cannot accept it, you become a sculptor.&#8220; (Louise Bourgeois)<br \/><\/em><\/strong><\/p>\r\n<p><em>F\u00fcr mich frei \u00fcbersetzt:<\/em><strong><em><br \/>&#8222;Jeden Tag musst du deine Vergangenheit hinter Dir lassen oder sie akzeptieren. Wenn Du das nicht kannst, musst Du eine Skulptur machen.&#8220;<\/em><\/strong><\/p>\r\n<p>Kontakt: <a href=\"mailto:Roland.Moroff@kunstverhau.de\">Roland.Moroff@kunstverhau.de<\/a><\/p>\r\n<\/td>\r\n<\/tr>\r\n<\/tbody>\r\n<\/table>\r\n<\/td>\r\n<\/tr>\r\n<\/tbody>\r\n<\/table>\r\n<figure class=\"wp-block-image size-large is-style-default\">\r\n<figure id=\"attachment_140\" aria-describedby=\"caption-attachment-140\" style=\"width: 800px\" class=\"wp-caption aligncenter\"><a href=\"https:\/\/www.kunstverhau.de\/wp-content\/uploads\/2020\/07\/Roland-Moroff-2018-im-Atelier.jpg\"><img fetchpriority=\"high\" decoding=\"async\" class=\"wp-image-140 size-large\" src=\"https:\/\/www.kunstverhau.de\/wp-content\/uploads\/2020\/07\/Roland-Moroff-2018-im-Atelier-1024x786.jpg\" alt=\"\" width=\"800\" height=\"614\" srcset=\"https:\/\/www.kunstverhau.de\/wp-content\/uploads\/2020\/07\/Roland-Moroff-2018-im-Atelier-1024x786.jpg 1024w, https:\/\/www.kunstverhau.de\/wp-content\/uploads\/2020\/07\/Roland-Moroff-2018-im-Atelier-300x230.jpg 300w, https:\/\/www.kunstverhau.de\/wp-content\/uploads\/2020\/07\/Roland-Moroff-2018-im-Atelier-768x589.jpg 768w, https:\/\/www.kunstverhau.de\/wp-content\/uploads\/2020\/07\/Roland-Moroff-2018-im-Atelier-1536x1179.jpg 1536w, https:\/\/www.kunstverhau.de\/wp-content\/uploads\/2020\/07\/Roland-Moroff-2018-im-Atelier-1200x921.jpg 1200w, https:\/\/www.kunstverhau.de\/wp-content\/uploads\/2020\/07\/Roland-Moroff-2018-im-Atelier.jpg 1772w\" sizes=\"(max-width: 800px) 100vw, 800px\" \/><\/a><figcaption id=\"caption-attachment-140\" class=\"wp-caption-text\"><strong><span style=\"font-family: helvetica, arial, sans-serif; font-size: 14pt; color: #000000;\">Im Atelier (2018)<\/span><\/strong><\/figcaption><\/figure>\r\n<\/figure>\r\n<figure class=\"wp-block-image size-large is-style-default\">\r\n<figcaption>\r\n<figure id=\"attachment_5473\" aria-describedby=\"caption-attachment-5473\" style=\"width: 800px\" class=\"wp-caption aligncenter\"><a href=\"https:\/\/www.kunstverhau.de\/wp-content\/uploads\/2023\/02\/Roland-2022-Kunstgiesserei.jpg\"><img decoding=\"async\" class=\"wp-image-5473 size-large\" src=\"https:\/\/www.kunstverhau.de\/wp-content\/uploads\/2023\/02\/Roland-2022-Kunstgiesserei-1024x779.jpg\" alt=\"\" width=\"800\" height=\"609\" srcset=\"https:\/\/www.kunstverhau.de\/wp-content\/uploads\/2023\/02\/Roland-2022-Kunstgiesserei-1024x779.jpg 1024w, https:\/\/www.kunstverhau.de\/wp-content\/uploads\/2023\/02\/Roland-2022-Kunstgiesserei-300x228.jpg 300w, https:\/\/www.kunstverhau.de\/wp-content\/uploads\/2023\/02\/Roland-2022-Kunstgiesserei-768x585.jpg 768w, https:\/\/www.kunstverhau.de\/wp-content\/uploads\/2023\/02\/Roland-2022-Kunstgiesserei-1536x1169.jpg 1536w, https:\/\/www.kunstverhau.de\/wp-content\/uploads\/2023\/02\/Roland-2022-Kunstgiesserei-2048x1559.jpg 2048w, https:\/\/www.kunstverhau.de\/wp-content\/uploads\/2023\/02\/Roland-2022-Kunstgiesserei-1200x913.jpg 1200w, https:\/\/www.kunstverhau.de\/wp-content\/uploads\/2023\/02\/Roland-2022-Kunstgiesserei-1980x1507.jpg 1980w\" sizes=\"(max-width: 800px) 100vw, 800px\" \/><\/a><figcaption id=\"caption-attachment-5473\" class=\"wp-caption-text\"><strong><span style=\"font-family: helvetica, arial, sans-serif; font-size: 14pt; color: #000000;\">In der Kunstgie\u00dferei Kirchner &amp; Schnappinger (2022)<\/span><\/strong><\/figcaption><\/figure>\r\n<p><a href=\"https:\/\/www.kunstverhau.de\/wp-content\/uploads\/2023\/02\/Henry-Moore-Schafe-bearbeitet-2-scaled.jpg\"><img decoding=\"async\" class=\"aligncenter wp-image-5479 size-large\" src=\"https:\/\/www.kunstverhau.de\/wp-content\/uploads\/2023\/02\/Henry-Moore-Schafe-bearbeitet-2-1024x679.jpg\" alt=\"\" width=\"800\" height=\"530\" srcset=\"https:\/\/www.kunstverhau.de\/wp-content\/uploads\/2023\/02\/Henry-Moore-Schafe-bearbeitet-2-1024x679.jpg 1024w, https:\/\/www.kunstverhau.de\/wp-content\/uploads\/2023\/02\/Henry-Moore-Schafe-bearbeitet-2-300x199.jpg 300w, https:\/\/www.kunstverhau.de\/wp-content\/uploads\/2023\/02\/Henry-Moore-Schafe-bearbeitet-2-768x509.jpg 768w, https:\/\/www.kunstverhau.de\/wp-content\/uploads\/2023\/02\/Henry-Moore-Schafe-bearbeitet-2-1536x1019.jpg 1536w, https:\/\/www.kunstverhau.de\/wp-content\/uploads\/2023\/02\/Henry-Moore-Schafe-bearbeitet-2-2048x1359.jpg 2048w, https:\/\/www.kunstverhau.de\/wp-content\/uploads\/2023\/02\/Henry-Moore-Schafe-bearbeitet-2-1200x796.jpg 1200w, https:\/\/www.kunstverhau.de\/wp-content\/uploads\/2023\/02\/Henry-Moore-Schafe-bearbeitet-2-1980x1313.jpg 1980w\" sizes=\"(max-width: 800px) 100vw, 800px\" \/><\/a><span style=\"font-family: helvetica, arial, sans-serif; font-size: 14pt;\"><strong><span style=\"color: #000000;\">Bei meinem Besuch im Henry-Moore-Museum in Perry Green, in der N\u00e4he von London.<\/span><\/strong><\/span><\/p>\r\n<\/figcaption>\r\n<\/figure>\r\n<figure class=\"wp-block-image size-large is-style-default\">\r\n<figcaption>\r\n<figure id=\"attachment_5477\" aria-describedby=\"caption-attachment-5477\" style=\"width: 800px\" class=\"wp-caption aligncenter\"><a href=\"https:\/\/www.kunstverhau.de\/wp-content\/uploads\/2023\/02\/Eduardo-Chillida-Windkaemme-scaled.jpg\"><img loading=\"lazy\" decoding=\"async\" class=\"wp-image-5477 size-large\" src=\"https:\/\/www.kunstverhau.de\/wp-content\/uploads\/2023\/02\/Eduardo-Chillida-Windkaemme-1024x768.jpg\" alt=\"\" width=\"800\" height=\"600\" srcset=\"https:\/\/www.kunstverhau.de\/wp-content\/uploads\/2023\/02\/Eduardo-Chillida-Windkaemme-1024x768.jpg 1024w, https:\/\/www.kunstverhau.de\/wp-content\/uploads\/2023\/02\/Eduardo-Chillida-Windkaemme-300x225.jpg 300w, https:\/\/www.kunstverhau.de\/wp-content\/uploads\/2023\/02\/Eduardo-Chillida-Windkaemme-768x576.jpg 768w, https:\/\/www.kunstverhau.de\/wp-content\/uploads\/2023\/02\/Eduardo-Chillida-Windkaemme-1536x1152.jpg 1536w, https:\/\/www.kunstverhau.de\/wp-content\/uploads\/2023\/02\/Eduardo-Chillida-Windkaemme-2048x1536.jpg 2048w, https:\/\/www.kunstverhau.de\/wp-content\/uploads\/2023\/02\/Eduardo-Chillida-Windkaemme-1200x900.jpg 1200w, https:\/\/www.kunstverhau.de\/wp-content\/uploads\/2023\/02\/Eduardo-Chillida-Windkaemme-1980x1485.jpg 1980w\" sizes=\"(max-width: 800px) 100vw, 800px\" \/><\/a><figcaption id=\"caption-attachment-5477\" class=\"wp-caption-text\"><strong><span style=\"font-family: helvetica, arial, sans-serif; font-size: 14pt; color: #000000;\">Reise nach San Sebastian &#8211; Eduardo Chillida &#8222;Windk\u00e4mme&#8220;<\/span><\/strong><\/figcaption><\/figure>\r\n<\/figcaption>\r\n<\/figure>\r\n<p><\/p>\r\n<p><\/p>\r\n<figure class=\"wp-block-table aligncenter\">\r\n<table style=\"width: 129.31%; height: 509px;\">\r\n<tbody>\r\n<tr style=\"height: 40px;\">\r\n<td class=\"has-text-align-center\" style=\"width: 24.4828%; text-align: center; height: 40px;\" data-align=\"center\"><a href=\"https:\/\/www.kunstverhau.de\/?page_id=44\"><strong><span style=\"color: #3232ad;\">Holzarbeiten<\/span><\/strong><\/a><\/td>\r\n<td class=\"has-text-align-center\" style=\"width: 22.4138%; text-align: center; height: 40px;\" data-align=\"center\"><a href=\"https:\/\/www.kunstverhau.de\/?page_id=52\"><strong><span style=\"color: #3232ad;\">Keramik<\/span><\/strong><\/a><\/td>\r\n<td class=\"has-text-align-center\" style=\"width: 24.8276%; text-align: center; height: 40px;\" data-align=\"center\"><a href=\"https:\/\/www.kunstverhau.de\/?page_id=55\"><span style=\"color: #333399;\"><strong>Steinarbeiten<\/strong><\/span><\/a><\/td>\r\n<\/tr>\r\n<tr style=\"height: 389px;\">\r\n<td class=\"has-text-align-center\" style=\"width: 24.4828%; height: 389px; text-align: center;\" data-align=\"center\"><a href=\"https:\/\/www.kunstverhau.de\/?page_id=44\"><img loading=\"lazy\" decoding=\"async\" class=\"alignnone wp-image-200 size-full\" src=\"https:\/\/www.kunstverhau.de\/wp-content\/uploads\/2020\/07\/2017-04-Walnussholz-abstrakte-Form.jpg\" alt=\"\" width=\"1183\" height=\"1772\" srcset=\"https:\/\/www.kunstverhau.de\/wp-content\/uploads\/2020\/07\/2017-04-Walnussholz-abstrakte-Form.jpg 1183w, https:\/\/www.kunstverhau.de\/wp-content\/uploads\/2020\/07\/2017-04-Walnussholz-abstrakte-Form-200x300.jpg 200w, https:\/\/www.kunstverhau.de\/wp-content\/uploads\/2020\/07\/2017-04-Walnussholz-abstrakte-Form-684x1024.jpg 684w, https:\/\/www.kunstverhau.de\/wp-content\/uploads\/2020\/07\/2017-04-Walnussholz-abstrakte-Form-768x1150.jpg 768w, https:\/\/www.kunstverhau.de\/wp-content\/uploads\/2020\/07\/2017-04-Walnussholz-abstrakte-Form-1025x1536.jpg 1025w\" sizes=\"(max-width: 1183px) 100vw, 1183px\" \/><\/a><\/td>\r\n<td class=\"has-text-align-center\" style=\"width: 22.4138%; height: 389px; text-align: center;\" data-align=\"center\"><a href=\"https:\/\/www.kunstverhau.de\/?page_id=52\"><img loading=\"lazy\" decoding=\"async\" class=\"alignnone wp-image-202 size-full\" src=\"https:\/\/www.kunstverhau.de\/wp-content\/uploads\/2020\/07\/2019-01-Frauenfigur-aztekisch-kykladisch2.jpg\" alt=\"\" width=\"1079\" height=\"1772\" srcset=\"https:\/\/www.kunstverhau.de\/wp-content\/uploads\/2020\/07\/2019-01-Frauenfigur-aztekisch-kykladisch2.jpg 1079w, https:\/\/www.kunstverhau.de\/wp-content\/uploads\/2020\/07\/2019-01-Frauenfigur-aztekisch-kykladisch2-183x300.jpg 183w, https:\/\/www.kunstverhau.de\/wp-content\/uploads\/2020\/07\/2019-01-Frauenfigur-aztekisch-kykladisch2-624x1024.jpg 624w, https:\/\/www.kunstverhau.de\/wp-content\/uploads\/2020\/07\/2019-01-Frauenfigur-aztekisch-kykladisch2-768x1261.jpg 768w, https:\/\/www.kunstverhau.de\/wp-content\/uploads\/2020\/07\/2019-01-Frauenfigur-aztekisch-kykladisch2-935x1536.jpg 935w\" sizes=\"(max-width: 1079px) 100vw, 1079px\" \/><\/a><\/td>\r\n<td class=\"has-text-align-center\" style=\"width: 24.8276%; height: 389px; text-align: center;\" data-align=\"center\"><a href=\"https:\/\/www.kunstverhau.de\/?page_id=55\"><img loading=\"lazy\" decoding=\"async\" class=\"alignnone wp-image-203 size-full\" src=\"https:\/\/www.kunstverhau.de\/wp-content\/uploads\/2020\/07\/2016-09-Speckstein-Mond-Mondstein-schwarzer-Hintergrund.jpg\" alt=\"\" width=\"1183\" height=\"1772\" srcset=\"https:\/\/www.kunstverhau.de\/wp-content\/uploads\/2020\/07\/2016-09-Speckstein-Mond-Mondstein-schwarzer-Hintergrund.jpg 1183w, https:\/\/www.kunstverhau.de\/wp-content\/uploads\/2020\/07\/2016-09-Speckstein-Mond-Mondstein-schwarzer-Hintergrund-200x300.jpg 200w, https:\/\/www.kunstverhau.de\/wp-content\/uploads\/2020\/07\/2016-09-Speckstein-Mond-Mondstein-schwarzer-Hintergrund-684x1024.jpg 684w, https:\/\/www.kunstverhau.de\/wp-content\/uploads\/2020\/07\/2016-09-Speckstein-Mond-Mondstein-schwarzer-Hintergrund-768x1150.jpg 768w, https:\/\/www.kunstverhau.de\/wp-content\/uploads\/2020\/07\/2016-09-Speckstein-Mond-Mondstein-schwarzer-Hintergrund-1025x1536.jpg 1025w\" sizes=\"(max-width: 1183px) 100vw, 1183px\" \/><\/a><\/td>\r\n<\/tr>\r\n<tr style=\"height: 40px;\">\r\n<td style=\"width: 24.4828%; height: 40px; text-align: center;\"><a href=\"https:\/\/www.kunstverhau.de\/?page_id=5015\"><span style=\"color: #333399;\"><strong>Metallarbeiten<\/strong><\/span><\/a><\/td>\r\n<td style=\"width: 22.4138%; height: 40px; text-align: center;\"><a href=\"https:\/\/www.kunstverhau.de\/?page_id=5021\"><span style=\"color: #333399;\"><strong>glasierte Keramik<\/strong><\/span><\/a><\/td>\r\n<td style=\"width: 24.8276%; height: 40px; text-align: center;\"><strong><a href=\"https:\/\/www.kunstverhau.de\/?page_id=657\"><span style=\"color: #333399;\">Aquarelle<\/span><\/a><\/strong><\/td>\r\n<\/tr>\r\n<tr style=\"height: 40px;\">\r\n<td style=\"width: 24.4828%; height: 40px;\"><a href=\"https:\/\/www.kunstverhau.de\/?page_id=5015\"><img loading=\"lazy\" decoding=\"async\" class=\"alignnone size-full wp-image-5039\" src=\"https:\/\/www.kunstverhau.de\/wp-content\/uploads\/2022\/11\/Minotauros-Bronzeguss-scaled.jpg\" alt=\"\" width=\"1883\" height=\"2560\" srcset=\"https:\/\/www.kunstverhau.de\/wp-content\/uploads\/2022\/11\/Minotauros-Bronzeguss-scaled.jpg 1883w, https:\/\/www.kunstverhau.de\/wp-content\/uploads\/2022\/11\/Minotauros-Bronzeguss-221x300.jpg 221w, https:\/\/www.kunstverhau.de\/wp-content\/uploads\/2022\/11\/Minotauros-Bronzeguss-753x1024.jpg 753w, https:\/\/www.kunstverhau.de\/wp-content\/uploads\/2022\/11\/Minotauros-Bronzeguss-768x1044.jpg 768w, https:\/\/www.kunstverhau.de\/wp-content\/uploads\/2022\/11\/Minotauros-Bronzeguss-1130x1536.jpg 1130w, https:\/\/www.kunstverhau.de\/wp-content\/uploads\/2022\/11\/Minotauros-Bronzeguss-1506x2048.jpg 1506w, https:\/\/www.kunstverhau.de\/wp-content\/uploads\/2022\/11\/Minotauros-Bronzeguss-1200x1631.jpg 1200w, https:\/\/www.kunstverhau.de\/wp-content\/uploads\/2022\/11\/Minotauros-Bronzeguss-1980x2692.jpg 1980w\" sizes=\"(max-width: 1883px) 100vw, 1883px\" \/><\/a><\/td>\r\n<td style=\"width: 22.4138%; height: 40px;\"><a href=\"https:\/\/www.kunstverhau.de\/?page_id=5021\"><img loading=\"lazy\" decoding=\"async\" class=\"alignnone wp-image-5034 size-full\" src=\"https:\/\/www.kunstverhau.de\/wp-content\/uploads\/2022\/11\/Helfer-glasiert-scaled.jpg\" alt=\"\" width=\"2050\" height=\"2560\" srcset=\"https:\/\/www.kunstverhau.de\/wp-content\/uploads\/2022\/11\/Helfer-glasiert-scaled.jpg 2050w, https:\/\/www.kunstverhau.de\/wp-content\/uploads\/2022\/11\/Helfer-glasiert-240x300.jpg 240w, https:\/\/www.kunstverhau.de\/wp-content\/uploads\/2022\/11\/Helfer-glasiert-820x1024.jpg 820w, https:\/\/www.kunstverhau.de\/wp-content\/uploads\/2022\/11\/Helfer-glasiert-768x959.jpg 768w, https:\/\/www.kunstverhau.de\/wp-content\/uploads\/2022\/11\/Helfer-glasiert-1230x1536.jpg 1230w, https:\/\/www.kunstverhau.de\/wp-content\/uploads\/2022\/11\/Helfer-glasiert-1640x2048.jpg 1640w, https:\/\/www.kunstverhau.de\/wp-content\/uploads\/2022\/11\/Helfer-glasiert-1200x1498.jpg 1200w, https:\/\/www.kunstverhau.de\/wp-content\/uploads\/2022\/11\/Helfer-glasiert-1980x2472.jpg 1980w\" sizes=\"(max-width: 2050px) 100vw, 2050px\" \/><\/a><\/td>\r\n<td style=\"width: 24.8276%; height: 40px;\"><a href=\"https:\/\/www.kunstverhau.de\/?page_id=657\"><img loading=\"lazy\" decoding=\"async\" class=\"aligncenter wp-image-1773 size-medium\" src=\"https:\/\/www.kunstverhau.de\/wp-content\/uploads\/2020\/09\/IMG_20200921_174548-232x300.jpg\" alt=\"\" width=\"232\" height=\"300\" srcset=\"https:\/\/www.kunstverhau.de\/wp-content\/uploads\/2020\/09\/IMG_20200921_174548-232x300.jpg 232w, https:\/\/www.kunstverhau.de\/wp-content\/uploads\/2020\/09\/IMG_20200921_174548-793x1024.jpg 793w, https:\/\/www.kunstverhau.de\/wp-content\/uploads\/2020\/09\/IMG_20200921_174548-768x992.jpg 768w, https:\/\/www.kunstverhau.de\/wp-content\/uploads\/2020\/09\/IMG_20200921_174548-1189x1536.jpg 1189w, https:\/\/www.kunstverhau.de\/wp-content\/uploads\/2020\/09\/IMG_20200921_174548-1585x2048.jpg 1585w, https:\/\/www.kunstverhau.de\/wp-content\/uploads\/2020\/09\/IMG_20200921_174548-1200x1550.jpg 1200w, https:\/\/www.kunstverhau.de\/wp-content\/uploads\/2020\/09\/IMG_20200921_174548-1980x2558.jpg 1980w, https:\/\/www.kunstverhau.de\/wp-content\/uploads\/2020\/09\/IMG_20200921_174548-scaled.jpg 1981w\" sizes=\"(max-width: 232px) 100vw, 232px\" \/><\/a><\/td>\r\n<\/tr>\r\n<\/tbody>\r\n<\/table>\r\n<\/figure>\r\n<p><\/p>\r\n<p><\/p>\r\n<div class=\"notranslate\" style=\"all: initial;\">\u00a0<\/div>\r\n<p><\/p>\r\n<p class=\"wp-block-paragraph\"><\/p>\r\n<p><\/p>\r\n<p class=\"wp-block-paragraph\"><\/p>\r\n<p><\/p>\r\n<p class=\"wp-block-paragraph\"><\/p>\r\n<p><\/p>\r\n<p class=\"wp-block-paragraph\"><\/p>\r\n<p><\/p>\r\n<p class=\"wp-block-paragraph\"><\/p>\r\n<p><\/p>\r\n<p class=\"wp-block-paragraph\"><\/p>\r\n<p><\/p>\r\n<p class=\"wp-block-paragraph\"><\/p>\r\n<p><\/p>\r\n<p class=\"wp-block-paragraph\"><\/p>\r\n<p><\/p>\r\n<p class=\"wp-block-paragraph\"><\/p>\r\n<p><\/p>\r\n<p class=\"wp-block-paragraph\"><\/p>\r\n<p><\/p>\r\n<p class=\"wp-block-paragraph\"><\/p>\r\n<p><\/p>\r\n<p class=\"wp-block-paragraph\"><\/p>\r\n<p><\/p>\r\n<p class=\"wp-block-paragraph\"><\/p>\r\n<p>&nbsp;<\/p>\r\n<\/div>\r\n<\/div><\/div>\r\n<\/div>\r\n<!-- \/wp:post-content -->","protected":false},"excerpt":{"rendered":"<p>Roland Moroff Ich bin 1952 geboren und lebe in M\u00fcnchen. Bis 2016 arbeitete ich als Hauptschullehrer. Ich interessiere mich schon lange f\u00fcr Kunst, ich besuchte viele Ausstellungen und Museen. Von 1991 bis 2000 lernte ich Zeichnen und Aquarellmalen in den Malkursen von Prof. Heribert Losert. Seit meiner Pensionierung 2016 nehme ich an Bildhauerkursen teil und&hellip;<\/p>\n","protected":false},"author":3,"featured_media":0,"parent":0,"menu_order":0,"comment_status":"closed","ping_status":"closed","template":"tw-no-title.php","meta":{"_crdt_document":"","footnotes":""},"class_list":["post-8","page","type-page","status-publish","hentry"],"aioseo_notices":[],"featured_image_src":null,"featured_image_src_square":null,"_links":{"self":[{"href":"https:\/\/www.kunstverhau.de\/index.php?rest_route=\/wp\/v2\/pages\/8","targetHints":{"allow":["GET"]}}],"collection":[{"href":"https:\/\/www.kunstverhau.de\/index.php?rest_route=\/wp\/v2\/pages"}],"about":[{"href":"https:\/\/www.kunstverhau.de\/index.php?rest_route=\/wp\/v2\/types\/page"}],"author":[{"embeddable":true,"href":"https:\/\/www.kunstverhau.de\/index.php?rest_route=\/wp\/v2\/users\/3"}],"replies":[{"embeddable":true,"href":"https:\/\/www.kunstverhau.de\/index.php?rest_route=%2Fwp%2Fv2%2Fcomments&post=8"}],"version-history":[{"count":135,"href":"https:\/\/www.kunstverhau.de\/index.php?rest_route=\/wp\/v2\/pages\/8\/revisions"}],"predecessor-version":[{"id":7111,"href":"https:\/\/www.kunstverhau.de\/index.php?rest_route=\/wp\/v2\/pages\/8\/revisions\/7111"}],"wp:attachment":[{"href":"https:\/\/www.kunstverhau.de\/index.php?rest_route=%2Fwp%2Fv2%2Fmedia&parent=8"}],"curies":[{"name":"wp","href":"https:\/\/api.w.org\/{rel}","templated":true}]}}